{"id":153,"date":"2020-05-16T15:49:35","date_gmt":"2020-05-16T15:49:35","guid":{"rendered":"https:\/\/corporacionpba.org\/nuevo\/?page_id=153"},"modified":"2020-06-22T02:04:39","modified_gmt":"2020-06-22T02:04:39","slug":"corporacion-pba","status":"publish","type":"page","link":"https:\/\/corporacionpba.org\/nuevo\/corporacion-pba\/","title":{"rendered":"Corporaci\u00f3n PBA"},"content":{"rendered":"<p>[et_pb_section fb_built=\u00bb1&#8243; custom_padding_last_edited=\u00bbon|phone\u00bb admin_label=\u00bbHeader\u00bb _builder_version=\u00bb3.24.1&#8243; background_image=\u00bbhttps:\/\/corporacionpba.org\/nuevo\/wp-content\/uploads\/2020\/05\/IMG_6765-scaled.jpg\u00bb custom_padding=\u00bb0px||0vw|||\u00bb custom_padding_tablet=\u00bb40px|||\u00bb custom_padding_phone=\u00bb0px|||\u00bb locked=\u00bboff\u00bb][et_pb_row custom_padding=\u00bb|||||true\u00bb custom_padding_tablet=\u00bb40px||\u00bb custom_margin=\u00bb|||||\u00bb custom_padding_last_edited=\u00bbon|phone\u00bb padding_2_tablet=\u00bb16px||\u00bb padding_1_last_edited=\u00bboff|desktop\u00bb padding_2_last_edited=\u00bbon|desktop\u00bb _builder_version=\u00bb3.24.1&#8243; box_shadow_style=\u00bbpreset7&#8243; box_shadow_horizontal=\u00bb0px\u00bb box_shadow_vertical=\u00bb154px\u00bb box_shadow_spread=\u00bb-67px\u00bb box_shadow_color=\u00bbrgba(116,186,87,0.8)\u00bb width=\u00bb82%\u00bb hover_enabled=\u00bb0&#8243; custom_margin_last_edited=\u00bbon|desktop\u00bb][et_pb_column type=\u00bb1_4&#8243; _builder_version=\u00bb3.22.5&#8243;][\/et_pb_column][et_pb_column type=\u00bb3_4&#8243; _builder_version=\u00bb3.22.5&#8243;][et_pb_text _builder_version=\u00bb3.24.1&#8243; header_font=\u00bbLora||||||||\u00bb header_text_color=\u00bb#000000&#8243; header_font_size=\u00bb78px\u00bb header_letter_spacing=\u00bb-1px\u00bb custom_padding=\u00bb|0px||||\u00bb header_font_size_tablet=\u00bb50px\u00bb header_font_size_phone=\u00bb28px\u00bb header_font_size_last_edited=\u00bbon|phone\u00bb locked=\u00bboff\u00bb]<\/p>\n<h1><span style=\"color: #ffffff;\"><strong>Corporaci\u00f3n PBA\u00a0<\/strong><\/span><\/h1>\n<p>[\/et_pb_text][\/et_pb_column][\/et_pb_row][et_pb_row custom_padding=\u00bb0px||0px|||\u00bb _builder_version=\u00bb3.22.5&#8243; width=\u00bb100%\u00bb max_width=\u00bb100%\u00bb][et_pb_column type=\u00bb4_4&#8243; _builder_version=\u00bb3.22.5&#8243;][et_pb_image src=\u00bbhttps:\/\/corporacionpba.org\/nuevo\/wp-content\/uploads\/2020\/05\/food-bank_57.png\u00bb align_tablet=\u00bbcenter\u00bb align_last_edited=\u00bbon|desktop\u00bb _builder_version=\u00bb3.23&#8243;][\/et_pb_image][\/et_pb_column][\/et_pb_row][\/et_pb_section][et_pb_section fb_built=\u00bb1&#8243; admin_label=\u00bbFeature\u00bb _builder_version=\u00bb3.22.5&#8243; custom_padding=\u00bb||47px|||\u00bb][et_pb_row _builder_version=\u00bb3.22.4&#8243;][et_pb_column type=\u00bb1_2&#8243; _builder_version=\u00bb3.22.4&#8243;][et_pb_image src=\u00bbhttps:\/\/corporacionpba.org\/nuevo\/wp-content\/uploads\/2020\/05\/food-bank_52.png\u00bb force_fullwidth=\u00bbon\u00bb align_tablet=\u00bbcenter\u00bb align_last_edited=\u00bbon|desktop\u00bb _builder_version=\u00bb3.24.1&#8243; background_image=\u00bbhttps:\/\/corporacionpba.org\/nuevo\/wp-content\/uploads\/2020\/05\/Agroforesteria-en-la-comunidad-El-Tejar-scaled.jpg\u00bb][\/et_pb_image][\/et_pb_column][et_pb_column type=\u00bb1_2&#8243; _builder_version=\u00bb3.22.4&#8243;][et_pb_divider color=\u00bbrgba(255,222,127,0.61)\u00bb divider_weight=\u00bb100px\u00bb _builder_version=\u00bb3.24.1&#8243; max_width=\u00bb360px\u00bb height=\u00bb100px\u00bb custom_margin=\u00bb||-90px|-40px\u00bb z_index=\u00bb-100&#8243; locked=\u00bboff\u00bb][\/et_pb_divider][et_pb_text _builder_version=\u00bb3.24.1&#8243; text_font=\u00bb||||||||\u00bb text_font_size=\u00bb20px\u00bb text_line_height=\u00bb1.9em\u00bb header_font=\u00bb||||||||\u00bb header_2_font=\u00bbLora|700|||||||\u00bb header_2_text_color=\u00bb#256158&#8243; header_2_font_size=\u00bb36px\u00bb header_2_line_height=\u00bb1.2em\u00bb module_alignment=\u00bbleft\u00bb custom_padding=\u00bb|||0px||\u00bb text_font_size_phone=\u00bb16px\u00bb text_font_size_last_edited=\u00bbon|desktop\u00bb header_2_font_size_phone=\u00bb28px\u00bb header_2_font_size_last_edited=\u00bbon|desktop\u00bb locked=\u00bboff\u00bb]<\/p>\n<h2>\u00a0 \u00a0 \u00a0El objetivo de la Corporaci\u00f3n PBA<\/h2>\n<p>es contribuir a la superaci\u00f3n de las condiciones de pobreza y al mejoramiento del nivel y la calidad de vida de los peque\u00f1os productores rurales, con base en el fomento de procesos participativos de innovaci\u00f3n tendientes a lograr el desarrollo sostenible y pac\u00edfico de sus comunidades y de sus territorios y la preservaci\u00f3n del medio ambiente. De esta manera aspiramos a aportar en la consecuci\u00f3n del progreso, el desarrollo, la equidad, la convivencia y la paz en Colombia.<\/p>\n<p>[\/et_pb_text][\/et_pb_column][\/et_pb_row][\/et_pb_section][et_pb_section fb_built=\u00bb1&#8243; admin_label=\u00bbFeature\u00bb _builder_version=\u00bb3.22.5&#8243; background_size=\u00bbinitial\u00bb background_position=\u00bbbottom_right\u00bb custom_padding=\u00bb49px|||||\u00bb][et_pb_row use_custom_gutter=\u00bbon\u00bb custom_padding=\u00bb0px||0px||true\u00bb make_equal=\u00bbon\u00bb _builder_version=\u00bb3.22.4&#8243; module_alignment=\u00bbcenter\u00bb][et_pb_column type=\u00bb1_2&#8243; _builder_version=\u00bb3.22.4&#8243;][et_pb_divider color=\u00bbrgba(198,226,139,0.81)\u00bb divider_weight=\u00bb100px\u00bb _builder_version=\u00bb3.24.1&#8243; max_width=\u00bb360px\u00bb height=\u00bb100px\u00bb custom_margin=\u00bb||-90px|-40px\u00bb z_index=\u00bb1&#8243; locked=\u00bboff\u00bb][\/et_pb_divider][et_pb_text _builder_version=\u00bb3.24.1&#8243; text_font=\u00bb||||||||\u00bb text_font_size=\u00bb20px\u00bb text_line_height=\u00bb2em\u00bb header_font=\u00bb||||||||\u00bb header_2_font=\u00bbLora|700|||||||\u00bb header_2_text_color=\u00bb#256158&#8243; header_2_font_size=\u00bb36px\u00bb header_2_line_height=\u00bb1.2em\u00bb transform_scale_last_edited=\u00bbon|desktop\u00bb transform_translate_tablet=\u00bb0px|0vw\u00bb transform_translate_last_edited=\u00bbon|phone\u00bb transform_rotate_last_edited=\u00bbon|desktop\u00bb transform_skew_last_edited=\u00bbon|desktop\u00bb transform_origin_last_edited=\u00bbon|desktop\u00bb max_width=\u00bb520px\u00bb module_alignment=\u00bbleft\u00bb custom_margin=\u00bb|-30px||||\u00bb z_index=\u00bb1&#8243; text_font_size_phone=\u00bb16px\u00bb text_font_size_last_edited=\u00bbon|desktop\u00bb header_2_font_size_phone=\u00bb26px\u00bb header_2_font_size_last_edited=\u00bbon|desktop\u00bb locked=\u00bboff\u00bb]<\/p>\n<h2>Nuestro trabajo se basa en el principio<\/h2>\n<p>de que el desarrollo rural sostenible solo es posible con el concurso y liderazgo de los miembros de las propias comunidades, y la mejor manera de fomentarlo es estimulando las competencias sociales e individuales de los peque\u00f1os productores y sus familias.\u00a0 Por ello promovemos el fortalecimiento de sus capacidades para que lideren sus propios procesos de innovaci\u00f3n y sean actores influyentes en el desarrollo local, elevando su autoestima, potenciando sus capacidades de gesti\u00f3n, fomentando su autonom\u00eda y fortaleciendo sus competencias productivas.<\/p>\n<p>[\/et_pb_text][\/et_pb_column][et_pb_column type=\u00bb1_2&#8243; _builder_version=\u00bb3.22.4&#8243;][et_pb_image src=\u00bbhttps:\/\/corporacionpba.org\/nuevo\/wp-content\/uploads\/2020\/05\/food-bank_52.png\u00bb force_fullwidth=\u00bbon\u00bb align_tablet=\u00bbcenter\u00bb align_last_edited=\u00bbon|desktop\u00bb _builder_version=\u00bb3.24.1&#8243; background_image=\u00bbhttps:\/\/corporacionpba.org\/nuevo\/wp-content\/uploads\/2020\/05\/nips6.jpg\u00bb parallax=\u00bbon\u00bb locked=\u00bboff\u00bb][\/et_pb_image][\/et_pb_column][\/et_pb_row][et_pb_row custom_padding=\u00bb|0px||||\u00bb custom_margin=\u00bb|||||\u00bb disabled_on=\u00bboff|off|off\u00bb _builder_version=\u00bb3.24.1&#8243; width=\u00bb83.4%\u00bb][et_pb_column type=\u00bb1_2&#8243; _builder_version=\u00bb3.22.4&#8243;][et_pb_image src=\u00bbhttps:\/\/corporacionpba.org\/nuevo\/wp-content\/uploads\/2020\/05\/food-bank_81.png\u00bb align_tablet=\u00bbcenter\u00bb align_last_edited=\u00bbon|desktop\u00bb disabled_on=\u00bbon|on|off\u00bb _builder_version=\u00bb3.24.1&#8243; background_image=\u00bbhttps:\/\/corporacionpba.org\/nuevo\/wp-content\/uploads\/2020\/05\/CULTIVO-DE-MA\u00cdZ-CON-APLICACIONES-DE-COMPOST-Y-BIOL2.jpg\u00bb width=\u00bb120.2%\u00bb custom_margin=\u00bb5vw|-10vw||||\u00bb custom_margin_tablet=\u00bb0vw|0vw||\u00bb custom_margin_last_edited=\u00bbon|tablet\u00bb custom_padding=\u00bb|||0px||\u00bb locked=\u00bboff\u00bb][\/et_pb_image][\/et_pb_column][et_pb_column type=\u00bb1_2&#8243; _builder_version=\u00bb3.22.4&#8243;][et_pb_divider color=\u00bbrgba(146,183,78,0.8)\u00bb divider_weight=\u00bb100px\u00bb _builder_version=\u00bb3.24.1&#8243; max_width=\u00bb360px\u00bb height=\u00bb100px\u00bb custom_margin=\u00bb||-90px|-40px\u00bb z_index=\u00bb-10&#8243; locked=\u00bboff\u00bb][\/et_pb_divider][et_pb_text _builder_version=\u00bb3.24.1&#8243; text_font=\u00bb||||||||\u00bb text_font_size=\u00bb20px\u00bb text_line_height=\u00bb2em\u00bb header_font=\u00bb||||||||\u00bb header_2_font=\u00bbLora|700|||||||\u00bb header_2_text_color=\u00bb#256158&#8243; header_2_font_size=\u00bb36px\u00bb header_2_line_height=\u00bb1.2em\u00bb module_alignment=\u00bbleft\u00bb custom_padding=\u00bb|1px||57px||\u00bb text_font_size_phone=\u00bb16px\u00bb text_font_size_last_edited=\u00bbon|desktop\u00bb header_2_font_size_phone=\u00bb32px\u00bb header_2_font_size_last_edited=\u00bbon|desktop\u00bb locked=\u00bboff\u00bb]<\/p>\n<h2>\u00a0 \u00a0 \u00a0La Corporaci\u00f3n PBA construy\u00f3,<\/h2>\n<p>con la participaci\u00f3n activa de peque\u00f1os productores y facilitadores profesionales, su propia estrategia metodol\u00f3gica: la Innovaci\u00f3n Rural Participativa (IRP). Con ella se busca el empoderamiento y el desarrollo de capacidades sociales, t\u00e9cnicas, productivas y empresariales de los productores familiares, a trav\u00e9s de un proceso integral y gradual que va de lo comunitario a lo territorial.<\/p>\n<p>[\/et_pb_text][et_pb_button button_url=\u00bb\/nuevo\/metodologia\/\u00bb button_text=\u00bbInnovaci\u00f3n Rural Participativa (IRP)\u00bb button_alignment=\u00bbcenter\u00bb _builder_version=\u00bb3.24.1&#8243; custom_button=\u00bbon\u00bb button_text_color=\u00bbrgba(89,137,44,0.73)\u00bb button_border_color=\u00bbrgba(89,137,44,0.73)\u00bb button_border_radius=\u00bb8px\u00bb button_font=\u00bb||||||||\u00bb custom_padding=\u00bb|||14px||\u00bb][\/et_pb_button][\/et_pb_column][\/et_pb_row][\/et_pb_section]<\/p>\n","protected":false},"excerpt":{"rendered":"<p>[et_pb_section fb_built=\u00bb1&#8243; custom_padding_last_edited=\u00bbon|phone\u00bb admin_label=\u00bbHeader\u00bb _builder_version=\u00bb3.24.1&#8243; background_image=\u00bbhttps:\/\/corporacionpba.org\/nuevo\/wp-content\/uploads\/2020\/05\/IMG_6765-scaled.jpg\u00bb custom_padding=\u00bb0px||0vw|||\u00bb custom_padding_tablet=\u00bb40px|||\u00bb custom_padding_phone=\u00bb0px|||\u00bb locked=\u00bboff\u00bb][et_pb_row custom_padding=\u00bb|||||true\u00bb custom_padding_tablet=\u00bb40px||\u00bb custom_margin=\u00bb|||||\u00bb custom_padding_last_edited=\u00bbon|phone\u00bb padding_2_tablet=\u00bb16px||\u00bb padding_1_last_edited=\u00bboff|desktop\u00bb padding_2_last_edited=\u00bbon|desktop\u00bb _builder_version=\u00bb3.24.1&#8243; box_shadow_style=\u00bbpreset7&#8243; box_shadow_horizontal=\u00bb0px\u00bb box_shadow_vertical=\u00bb154px\u00bb box_shadow_spread=\u00bb-67px\u00bb box_shadow_color=\u00bbrgba(116,186,87,0.8)\u00bb width=\u00bb82%\u00bb hover_enabled=\u00bb0&#8243; custom_margin_last_edited=\u00bbon|desktop\u00bb][et_pb_column type=\u00bb1_4&#8243; _builder_version=\u00bb3.22.5&#8243;][\/et_pb_column][et_pb_column type=\u00bb3_4&#8243; _builder_version=\u00bb3.22.5&#8243;][et_pb_text _builder_version=\u00bb3.24.1&#8243; header_font=\u00bbLora||||||||\u00bb header_text_color=\u00bb#000000&#8243; header_font_size=\u00bb78px\u00bb header_letter_spacing=\u00bb-1px\u00bb custom_padding=\u00bb|0px||||\u00bb header_font_size_tablet=\u00bb50px\u00bb header_font_size_phone=\u00bb28px\u00bb header_font_size_last_edited=\u00bbon|phone\u00bb locked=\u00bboff\u00bb] Corporaci\u00f3n PBA\u00a0 [\/et_pb_text][\/et_pb_column][\/et_pb_row][et_pb_row custom_padding=\u00bb0px||0px|||\u00bb _builder_version=\u00bb3.22.5&#8243; width=\u00bb100%\u00bb max_width=\u00bb100%\u00bb][et_pb_column type=\u00bb4_4&#8243; _builder_version=\u00bb3.22.5&#8243;][et_pb_image src=\u00bbhttps:\/\/corporacionpba.org\/nuevo\/wp-content\/uploads\/2020\/05\/food-bank_57.png\u00bb align_tablet=\u00bbcenter\u00bb align_last_edited=\u00bbon|desktop\u00bb _builder_version=\u00bb3.23&#8243;][\/et_pb_image][\/et_pb_column][\/et_pb_row][\/et_pb_section][et_pb_section fb_built=\u00bb1&#8243; admin_label=\u00bbFeature\u00bb [&hellip;]<\/p>\n","protected":false},"author":1,"featured_media":0,"parent":0,"menu_order":0,"comment_status":"closed","ping_status":"closed","template":"","meta":{"_et_pb_use_builder":"on","_et_pb_old_content":"","footnotes":""},"class_list":["post-153","page","type-page","status-publish","hentry"],"yoast_head":"<!-- This site is optimized with the Yoast SEO plugin v27.2 - https:\/\/yoast.com\/product\/yoast-seo-wordpress\/ -->\n<title>Corporaci\u00f3n PBA - Corporacion PBA<\/title>\n<meta name=\"robots\" content=\"index, follow, max-snippet:-1, max-image-preview:large, max-video-preview:-1\" \/>\n<link rel=\"canonical\" href=\"https:\/\/corporacionpba.org\/nuevo\/corporacion-pba\/\" \/>\n<meta property=\"og:locale\" content=\"es_ES\" \/>\n<meta property=\"og:type\" content=\"article\" \/>\n<meta property=\"og:title\" content=\"Corporaci\u00f3n PBA - Corporacion PBA\" \/>\n<meta property=\"og:description\" content=\"[et_pb_section fb_built=\u00bb1&#8243; custom_padding_last_edited=\u00bbon|phone\u00bb admin_label=\u00bbHeader\u00bb _builder_version=\u00bb3.24.1&#8243; background_image=\u00bbhttps:\/\/corporacionpba.org\/nuevo\/wp-content\/uploads\/2020\/05\/IMG_6765-scaled.jpg\u00bb custom_padding=\u00bb0px||0vw|||\u00bb custom_padding_tablet=\u00bb40px|||\u00bb custom_padding_phone=\u00bb0px|||\u00bb locked=\u00bboff\u00bb][et_pb_row custom_padding=\u00bb|||||true\u00bb custom_padding_tablet=\u00bb40px||\u00bb custom_margin=\u00bb|||||\u00bb custom_padding_last_edited=\u00bbon|phone\u00bb padding_2_tablet=\u00bb16px||\u00bb padding_1_last_edited=\u00bboff|desktop\u00bb padding_2_last_edited=\u00bbon|desktop\u00bb _builder_version=\u00bb3.24.1&#8243; box_shadow_style=\u00bbpreset7&#8243; box_shadow_horizontal=\u00bb0px\u00bb box_shadow_vertical=\u00bb154px\u00bb box_shadow_spread=\u00bb-67px\u00bb box_shadow_color=\u00bbrgba(116,186,87,0.8)\u00bb width=\u00bb82%\u00bb hover_enabled=\u00bb0&#8243; custom_margin_last_edited=\u00bbon|desktop\u00bb][et_pb_column type=\u00bb1_4&#8243; _builder_version=\u00bb3.22.5&#8243;][\/et_pb_column][et_pb_column type=\u00bb3_4&#8243; _builder_version=\u00bb3.22.5&#8243;][et_pb_text _builder_version=\u00bb3.24.1&#8243; header_font=\u00bbLora||||||||\u00bb header_text_color=\u00bb#000000&#8243; header_font_size=\u00bb78px\u00bb header_letter_spacing=\u00bb-1px\u00bb custom_padding=\u00bb|0px||||\u00bb header_font_size_tablet=\u00bb50px\u00bb header_font_size_phone=\u00bb28px\u00bb header_font_size_last_edited=\u00bbon|phone\u00bb locked=\u00bboff\u00bb] Corporaci\u00f3n PBA\u00a0 [\/et_pb_text][\/et_pb_column][\/et_pb_row][et_pb_row custom_padding=\u00bb0px||0px|||\u00bb _builder_version=\u00bb3.22.5&#8243; width=\u00bb100%\u00bb max_width=\u00bb100%\u00bb][et_pb_column type=\u00bb4_4&#8243; _builder_version=\u00bb3.22.5&#8243;][et_pb_image src=\u00bbhttps:\/\/corporacionpba.org\/nuevo\/wp-content\/uploads\/2020\/05\/food-bank_57.png\u00bb align_tablet=\u00bbcenter\u00bb align_last_edited=\u00bbon|desktop\u00bb _builder_version=\u00bb3.23&#8243;][\/et_pb_image][\/et_pb_column][\/et_pb_row][\/et_pb_section][et_pb_section fb_built=\u00bb1&#8243; admin_label=\u00bbFeature\u00bb [&hellip;]\" \/>\n<meta property=\"og:url\" content=\"https:\/\/corporacionpba.org\/nuevo\/corporacion-pba\/\" \/>\n<meta property=\"og:site_name\" content=\"Corporacion PBA\" \/>\n<meta property=\"article:modified_time\" content=\"2020-06-22T02:04:39+00:00\" \/>\n<meta name=\"twitter:card\" content=\"summary_large_image\" \/>\n<meta name=\"twitter:label1\" content=\"Tiempo de lectura\" \/>\n\t<meta name=\"twitter:data1\" content=\"6 minutos\" \/>\n<script type=\"application\/ld+json\" class=\"yoast-schema-graph\">{\"@context\":\"https:\/\/schema.org\",\"@graph\":[{\"@type\":\"WebPage\",\"@id\":\"https:\/\/corporacionpba.org\/nuevo\/corporacion-pba\/\",\"url\":\"https:\/\/corporacionpba.org\/nuevo\/corporacion-pba\/\",\"name\":\"Corporaci\u00f3n PBA - Corporacion PBA\",\"isPartOf\":{\"@id\":\"https:\/\/corporacionpba.org\/nuevo\/#website\"},\"datePublished\":\"2020-05-16T15:49:35+00:00\",\"dateModified\":\"2020-06-22T02:04:39+00:00\",\"breadcrumb\":{\"@id\":\"https:\/\/corporacionpba.org\/nuevo\/corporacion-pba\/#breadcrumb\"},\"inLanguage\":\"es\",\"potentialAction\":[{\"@type\":\"ReadAction\",\"target\":[\"https:\/\/corporacionpba.org\/nuevo\/corporacion-pba\/\"]}]},{\"@type\":\"BreadcrumbList\",\"@id\":\"https:\/\/corporacionpba.org\/nuevo\/corporacion-pba\/#breadcrumb\",\"itemListElement\":[{\"@type\":\"ListItem\",\"position\":1,\"name\":\"Portada\",\"item\":\"https:\/\/corporacionpba.org\/nuevo\/\"},{\"@type\":\"ListItem\",\"position\":2,\"name\":\"Corporaci\u00f3n PBA\"}]},{\"@type\":\"WebSite\",\"@id\":\"https:\/\/corporacionpba.org\/nuevo\/#website\",\"url\":\"https:\/\/corporacionpba.org\/nuevo\/\",\"name\":\"Corporacion PBA\",\"description\":\"Innovaci&oacute;n Rural para el Desarrollo\",\"potentialAction\":[{\"@type\":\"SearchAction\",\"target\":{\"@type\":\"EntryPoint\",\"urlTemplate\":\"https:\/\/corporacionpba.org\/nuevo\/?s={search_term_string}\"},\"query-input\":{\"@type\":\"PropertyValueSpecification\",\"valueRequired\":true,\"valueName\":\"search_term_string\"}}],\"inLanguage\":\"es\"}]}<\/script>\n<!-- \/ Yoast SEO plugin. -->","yoast_head_json":{"title":"Corporaci\u00f3n PBA - Corporacion PBA","robots":{"index":"index","follow":"follow","max-snippet":"max-snippet:-1","max-image-preview":"max-image-preview:large","max-video-preview":"max-video-preview:-1"},"canonical":"https:\/\/corporacionpba.org\/nuevo\/corporacion-pba\/","og_locale":"es_ES","og_type":"article","og_title":"Corporaci\u00f3n PBA - Corporacion PBA","og_description":"[et_pb_section fb_built=\u00bb1&#8243; custom_padding_last_edited=\u00bbon|phone\u00bb admin_label=\u00bbHeader\u00bb _builder_version=\u00bb3.24.1&#8243; background_image=\u00bbhttps:\/\/corporacionpba.org\/nuevo\/wp-content\/uploads\/2020\/05\/IMG_6765-scaled.jpg\u00bb custom_padding=\u00bb0px||0vw|||\u00bb custom_padding_tablet=\u00bb40px|||\u00bb custom_padding_phone=\u00bb0px|||\u00bb locked=\u00bboff\u00bb][et_pb_row custom_padding=\u00bb|||||true\u00bb custom_padding_tablet=\u00bb40px||\u00bb custom_margin=\u00bb|||||\u00bb custom_padding_last_edited=\u00bbon|phone\u00bb padding_2_tablet=\u00bb16px||\u00bb padding_1_last_edited=\u00bboff|desktop\u00bb padding_2_last_edited=\u00bbon|desktop\u00bb _builder_version=\u00bb3.24.1&#8243; box_shadow_style=\u00bbpreset7&#8243; box_shadow_horizontal=\u00bb0px\u00bb box_shadow_vertical=\u00bb154px\u00bb box_shadow_spread=\u00bb-67px\u00bb box_shadow_color=\u00bbrgba(116,186,87,0.8)\u00bb width=\u00bb82%\u00bb hover_enabled=\u00bb0&#8243; custom_margin_last_edited=\u00bbon|desktop\u00bb][et_pb_column type=\u00bb1_4&#8243; _builder_version=\u00bb3.22.5&#8243;][\/et_pb_column][et_pb_column type=\u00bb3_4&#8243; _builder_version=\u00bb3.22.5&#8243;][et_pb_text _builder_version=\u00bb3.24.1&#8243; header_font=\u00bbLora||||||||\u00bb header_text_color=\u00bb#000000&#8243; header_font_size=\u00bb78px\u00bb header_letter_spacing=\u00bb-1px\u00bb custom_padding=\u00bb|0px||||\u00bb header_font_size_tablet=\u00bb50px\u00bb header_font_size_phone=\u00bb28px\u00bb header_font_size_last_edited=\u00bbon|phone\u00bb locked=\u00bboff\u00bb] Corporaci\u00f3n PBA\u00a0 [\/et_pb_text][\/et_pb_column][\/et_pb_row][et_pb_row custom_padding=\u00bb0px||0px|||\u00bb _builder_version=\u00bb3.22.5&#8243; width=\u00bb100%\u00bb max_width=\u00bb100%\u00bb][et_pb_column type=\u00bb4_4&#8243; _builder_version=\u00bb3.22.5&#8243;][et_pb_image src=\u00bbhttps:\/\/corporacionpba.org\/nuevo\/wp-content\/uploads\/2020\/05\/food-bank_57.png\u00bb align_tablet=\u00bbcenter\u00bb align_last_edited=\u00bbon|desktop\u00bb _builder_version=\u00bb3.23&#8243;][\/et_pb_image][\/et_pb_column][\/et_pb_row][\/et_pb_section][et_pb_section fb_built=\u00bb1&#8243; admin_label=\u00bbFeature\u00bb [&hellip;]","og_url":"https:\/\/corporacionpba.org\/nuevo\/corporacion-pba\/","og_site_name":"Corporacion PBA","article_modified_time":"2020-06-22T02:04:39+00:00","twitter_card":"summary_large_image","twitter_misc":{"Tiempo de lectura":"6 minutos"},"schema":{"@context":"https:\/\/schema.org","@graph":[{"@type":"WebPage","@id":"https:\/\/corporacionpba.org\/nuevo\/corporacion-pba\/","url":"https:\/\/corporacionpba.org\/nuevo\/corporacion-pba\/","name":"Corporaci\u00f3n PBA - Corporacion PBA","isPartOf":{"@id":"https:\/\/corporacionpba.org\/nuevo\/#website"},"datePublished":"2020-05-16T15:49:35+00:00","dateModified":"2020-06-22T02:04:39+00:00","breadcrumb":{"@id":"https:\/\/corporacionpba.org\/nuevo\/corporacion-pba\/#breadcrumb"},"inLanguage":"es","potentialAction":[{"@type":"ReadAction","target":["https:\/\/corporacionpba.org\/nuevo\/corporacion-pba\/"]}]},{"@type":"BreadcrumbList","@id":"https:\/\/corporacionpba.org\/nuevo\/corporacion-pba\/#breadcrumb","itemListElement":[{"@type":"ListItem","position":1,"name":"Portada","item":"https:\/\/corporacionpba.org\/nuevo\/"},{"@type":"ListItem","position":2,"name":"Corporaci\u00f3n PBA"}]},{"@type":"WebSite","@id":"https:\/\/corporacionpba.org\/nuevo\/#website","url":"https:\/\/corporacionpba.org\/nuevo\/","name":"Corporacion PBA","description":"Innovaci&oacute;n Rural para el Desarrollo","potentialAction":[{"@type":"SearchAction","target":{"@type":"EntryPoint","urlTemplate":"https:\/\/corporacionpba.org\/nuevo\/?s={search_term_string}"},"query-input":{"@type":"PropertyValueSpecification","valueRequired":true,"valueName":"search_term_string"}}],"inLanguage":"es"}]}},"_links":{"self":[{"href":"https:\/\/corporacionpba.org\/nuevo\/wp-json\/wp\/v2\/pages\/153","targetHints":{"allow":["GET"]}}],"collection":[{"href":"https:\/\/corporacionpba.org\/nuevo\/wp-json\/wp\/v2\/pages"}],"about":[{"href":"https:\/\/corporacionpba.org\/nuevo\/wp-json\/wp\/v2\/types\/page"}],"author":[{"embeddable":true,"href":"https:\/\/corporacionpba.org\/nuevo\/wp-json\/wp\/v2\/users\/1"}],"replies":[{"embeddable":true,"href":"https:\/\/corporacionpba.org\/nuevo\/wp-json\/wp\/v2\/comments?post=153"}],"version-history":[{"count":11,"href":"https:\/\/corporacionpba.org\/nuevo\/wp-json\/wp\/v2\/pages\/153\/revisions"}],"predecessor-version":[{"id":949,"href":"https:\/\/corporacionpba.org\/nuevo\/wp-json\/wp\/v2\/pages\/153\/revisions\/949"}],"wp:attachment":[{"href":"https:\/\/corporacionpba.org\/nuevo\/wp-json\/wp\/v2\/media?parent=153"}],"curies":[{"name":"wp","href":"https:\/\/api.w.org\/{rel}","templated":true}]}}